of 609852?
2, 3, 50821
List the prime factors of 4273344.
2, 3, 2473
List the prime factors of 147276.
2, 3, 4091
List the prime factors of 141585.
3, 5, 9439
What are the prime factors of 122176?
2, 23, 83
List the prime factors of 11526743.
61, 233, 811
What are the prime factors of 646003?
646003
What are the prime factors of 710697?
3, 13, 18223
List the prime factors of 992088.
2, 3, 1531
What are the prime factors of 24964783?
24964783
List the prime factors of 1643437.
71, 79, 293
What are the prime factors of 10009822?
2, 41, 59, 2069
What are the prime factors of 4385537?
13, 337349
List the prime factors of 3252885.
3, 5, 216859
What are the prime factors of 1842819?
3, 11, 55843
What are the prime factors of 2541517?
11, 17, 13591
List the prime factors of 12910694.
2, 31, 53, 3929
List the prime factors of 172601.
11, 13, 17, 71
List the prime factors of 4855484.
2, 23, 89, 593
List the prime factors of 1345633.
1345633
What are the prime factors of 27280231?
11, 23, 107827
What are the prime factors of 327834?
2, 3, 13, 467
List the prime factors of 195822.
2, 3, 11, 23, 43
What are the prime factors of 58149?
3, 7, 13, 71
What are the prime factors of 3555980?
2, 5, 29, 6131
List the prime factors of 23242569.
3, 7, 1106789
What are the prime factors of 368549?
41, 89, 101
What are the prime factors of 2220453?
3, 79, 347
What are the prime factors of 797901?
3, 13, 41, 499
List the prime factors of 77148.
2, 3, 2143
List the prime factors of 17891919.
3, 1987991
List the prime factors of 727060.
2, 5, 36353
What are the prime factors of 1157041?
241, 4801
What are the prime factors of 3145543?
29, 79, 1373
What are the prime factors of 5677802?
2, 13, 131, 1667
What are the prime factors of 481989?
3, 160663
What are the prime factors of 3807146?
2, 7, 271939
What are the prime factors of 5782379?
5782379
List the prime factors of 256043.
53, 4831
List the prime factors of 558122.
2, 179, 1559
List the prime factors of 286643.
7, 40949
List the prime factors of 18047.
18047
What are the prime factors of 586570?
2, 5, 58657
List the prime factors of 8249814.
2, 3, 458323
List the prime factors of 555327.
3, 61703
List the prime factors of 15436408.
2, 13, 17, 8731
List the prime factors of 370308.
2, 3, 30859
What are the prime factors of 1030075?
5, 41203
List the prime factors of 2996881.
83, 36107
List the prime factors of 1912255.
5, 19, 20129
List the prime factors of 5534929.
5534929
What are the prime factors of 283371?
3, 11, 31, 277
What are the prime factors of 288613?
13, 149
What are the prime factors of 8104?
2, 1013
What are the prime factors of 136350?
2, 3, 5, 101
What are the prime factors of 790128?
2, 3, 31, 59
List the prime factors of 10302386.
2, 5151193
What are the prime factors of 133042?
2, 7, 13, 17, 43
What are the prime factors of 30259?
30259
What are the prime factors of 7637464?
2, 67, 14249
List the prime factors of 3906096.
2, 3, 19, 4283
List the prime factors of 589444.
2, 23, 43, 149
List the prime factors of 11744217.
3, 29, 53, 283
List the prime factors of 4409273.
11, 17, 19, 73
List the prime factors of 126481.
126481
What are the prime factors of 4641446?
2, 23, 41, 107
List the prime factors of 118426.
2, 7, 11, 769
List the prime factors of 1836039.
3, 61, 79, 127
List the prime factors of 13425769.
7, 1917967
List the prime factors of 214837.
7, 47, 653
What are the prime factors of 2305160?
2, 5, 11, 13, 31
What are the prime factors of 3109878?
2, 3, 17, 10163
List the prime factors of 677296.
2, 42331
List the prime factors of 8557945.
5, 11, 155599
List the prime factors of 470334.
2, 3, 43, 1823
What are the prime factors of 4094708?
2, 641, 1597
What are the prime factors of 587270?
2, 5, 58727
What are the prime factors of 16464087?
3, 609781
What are the prime factors of 7562152?
2, 13, 19, 43, 89
What are the prime factors of 2669599?
743, 3593
List the prime factors of 41245.
5, 73, 113
List the prime factors of 3525296.
2, 79, 2789
What are the prime factors of 1552346?
2, 776173
What are the prime factors of 2292272?
2, 23, 6229
What are the prime factors of 13753718?
2, 11, 625169
List the prime factors of 2614719.
3, 17, 167, 307
What are the prime factors of 1915725?
3, 5, 7, 41, 89
List the prime factors of 25038599.
19, 43, 1613
What are the prime factors of 1349855?
5, 13, 19, 1093
List the prime factors of 3975677.
3975677
List the prime factors of 79135.
5, 7, 17, 19
List the prime factors of 3770762.
2, 1885381
List the prime factors of 13355037.
3, 54959
What are the prime factors of 1302215?
5, 37, 7039
List the prime factors of 113553.
3, 11, 31, 37
List the prime factors of 44799.
3, 109, 137
List the prime factors of 2227432.
2, 29, 9601
List the prime factors of 5440623.
3, 647, 2803
List the prime factors of 3445868.
2, 379, 2273
What are the prime factors of 436704?
2, 3, 4549
What are the prime factors of 2591319?
3, 509, 1697
What are the prime factors of 2300412?
2, 3, 53, 3617
List the prime factors of 62324.
2, 15581
What are the prime factors of 35641224?
2, 3, 495017
List the prime factors of 4413722.
2, 2206861
What are the prime factors of 9727?
71, 137
List the prime factors of 2996.
2, 7, 107
List the prime factors of 521126.
2, 67, 3889
List the prime factors of 1777461.
3, 7, 53, 1597
List the prime factors of 3164954.
2, 13, 41, 2969
What are the prime factors of 9163685?
5, 127, 14431
List the prime factors of 5997724.
2, 739, 2029
What are the prime factors of 229439?
7, 73, 449
What are the prime factors of 301862?
2, 11, 13721
List the prime factors of 765913.
765913
List the prime factors of 2310769.
2310769
What are the prime factors of 16770845?
5, 7, 13, 29, 31, 41
What are the prime factors of 1336252?
2, 173, 1931
What are the prime factors of 22958249?
1583, 14503
What are the prime factors of 287494?
2, 31, 4637
List the prime factors of 14316625.
5, 53, 2161
What are the prime factors of 152769?
3, 50923
What are the prime factors of 3504439?
3504439
List the prime factors of 97677.
3, 10853
List the prime factors of 6212640.
2, 3, 5, 7, 43
What are the prime factors of 1392645?
3, 5, 227, 409
What are the prime factors of 7357716?
2, 3, 22709
What are the prime factors of 1172161?
73, 16057
List the prime factors of 644685.
3, 5, 42979
List the prime factors of 7728304.
2, 43, 47, 239
What are the prime factors of 122568?
2, 3, 5107
List the prime factors of 8556323.
8556323
List the prime factors of 1195609.
23, 227, 229
What are the prime factors of 559154?
2, 279577
What are the prime factors of 7352072?
2, 7, 13, 10099
What are the prime factors of 6918159?
3, 2306053
List the prime factors of 13725387.
3, 13, 73, 1607
List the prime factors of 13688008.
2, 239, 7159
What are the prime factors of 338539?
43, 7873
What are the prime factors of 865114?
2, 432557
What are the prime factors of 15019062?
2, 3, 631, 3967
List the prime factors of 2000692.
2, 500173
What are the prime factors of 3918145?
5, 7, 11, 10177
List the prime factors of 49607.
113, 439
List the prime factors of 74210.
2, 5, 41, 181
List the prime factors of 2071513.
19, 31, 3517
What are the prime factors of 23958372?
2, 3, 17, 117443
What are the prime factors of 168158?
2, 83, 1013
List the prime factors of 373836.
2, 3, 31153
What are the prime factors of 352640?
2, 5, 19, 29
What are the prime factors of 513189?
3, 83, 229
List the prime factors of 46330.
2, 5, 41, 113
What are the prime factors of 3536518?
2, 137, 12907
List the prime factors of 2218362.
2, 3, 331, 1117
List the prime factors of 11588356.
2, 13, 17, 13109
What are the prime factors of 3561526?
2, 601, 2963
List the prime factors of 3967256.
2, 17, 31, 941
List the prime factors of 1363406.
2, 11, 29, 2137
What are the prime factors of 132738?
2, 3, 22123
List the prime factors of 6311125.
5, 29, 1741
List the prime factors of 1572444.
2, 3, 31, 1409
List the prime factors of 830474.
2, 521, 797
List the prime factors of 624613.
11, 56783
List the prime factors of 9140236.
2, 7, 326437
What are the prime factors of 1095748?
2, 59, 4643
List the prime factors of 16603405.
5, 7, 13, 401
What are the prime factors of 292570?
2, 5, 17, 1721
List the prime factors of 1152268.
2, 13, 22